 -20)) + 18
32
Evaluate -26 - 2 - (216 + -71 + -103).
-70
Evaluate -40 + 44 + -31 + 14.
-13
Calculate (76 + 0 - (-3 - -5)) + 119 + 64 + -195.
62
What is the value of 44 + 42 - (102 + -31)?
15
What is the value of 54 + (5 - (-3 + -13 - 2 - -20))?
57
Evaluate -202 + 246 - (-19 - -6).
57
-55 - (-8 + 51 - 76) - (-93 - 0)
71
Evaluate (-40 - (-8 - (4 + -6 - -6))) + -6.
-34
What is -23 + (2 - (-1 - 19)) + 5?
4
Evaluate 13 - (-37 + 91 - 30) - -2.
-9
What is -104 + 87 - (17 - (4 + -3))?
-33
-7 + 67 - (-11 + 20 + -7 - (6 + -5))
59
What is the value of 47 + (6 - (0 - -10)) + 15 + -10 + 5?
53
7 + (-18 - -3) + -6
-14
What is the value of -1 + -10 + (9 - -8 - (8 + (3 - -8)))?
-13
Evaluate (20 + -34 - (4 + -110)) + -12 + -3.
77
Calculate -311 + 303 + (46 + -5 + 7 - 7).
33
What is the value of (-15 - 37) + -167 + 120?
-99
Calculate 1 + 38 - (-85 + 39 + 49).
36
Calculate 84 + (-61 - (-101 + 64)).
60
Calculate 42 - (0 + (-69 - -61) + (3 - (-8 - -2))).
41
What is the value of (1 - -23) + (9 - (-15 - -46)) + 5 + 6?
13
Evaluate 7 - (1 + (28 - 17 - 2)).
-3
Calculate (19 + 1 + -12 - 6) + (7 - -2) + 5.
16
What is 19 - (31 + -13 + -7 + -2 - (-4 + 7))?
13
Calculate 0 + 0 + 24 + (-340 - -267).
-49
What is the value of 27 - (6 - (-14 + -32 + 23))?
-2
Evaluate -158 + 5293 + -5292 + 25 + (-1 - 1).
-134
What is the value of -3 - -6 - (1 + 8) - ((-4 - 31) + -3)?
32
What is 3 + -50 - -29 - (-27 + 2)?
7
(-16 - -101) + -10 - (-5 - (-7 - 9))
64
What is the value of -18 - (7 - 6) - (-13 - (-14 - -6))?
-14
Calculate 56 + (-55 - 0) + -23.
-22
Evaluate 7 - (-38 + -19) - 32.
32
What is 9 + -144 + (-384 - -460)?
-59
Calculate 119 + -22 - 41 - 90.
-34
(30 - 55) + 40 - (-5 - (-6 - 7))
7
Evaluate -2 + 3 + -4 + 0 + -6 - (-39 + 35).
-5
What is (-12 - -30) + (-71 - -48) - (87 + -1)?
-91
Evaluate (1488 - 1583) + 137 + 1.
43
What is (4 - 3 - 2) + 13 - (-3 - -10 - -2)?
3
What is the value of -7 + (-18 - (7 - (-7 + 57))) - 13?
5
Evaluate (37 - 1) + -2 - (-39 - -9 - (31 + -67)).
28
-7 - (-3 - (-1 - (-2 + 4 - 5))) - 16
-18
What is the value of (24 - (80 - 18)) + -37?
-75
Evaluate -41 + (-47 - -17) + 34.
-37
What is (-5 - 89) + -39 + 71 + 13?
-49
Calculate (65 - -7 - -5) + (-2 - 2) + -10.
63
Calculate -1 + 34 + -174 + 116.
-25
Calculate 29 - (29 - (130 + -58)).
72
Evaluate 2 - 13 - (-10 - (9 + 26 - -7)).
41
(-30 - -16) + (15 - 0 - (24 - 21))
-2
What is 12 - ((30 - (-32 + 60)) + 29)?
-19
Evaluate -27 - (37 + -33) - (-2 + -7).
-22
Evaluate -125 - (-125 + (31 - -48)).
-79
Evaluate 11537 + -11539 + (1 - (-18 - -2 - -2 - 1)).
14
What is -47 + 38 + (66 - 4) + -9 - -2?
46
Evaluate (122 - 1) + -1070 + 1015.
66
What is the value of 390 - 390 - (49 + -27)?
-22
Calculate (-20 - (-27 + 6) - (4 + 2) - -76) + -6.
65
Evaluate -14 + 14 + -12 + 50.
38
What is the value of -5 - ((6 - 0) + -27) - (-272 + 256)?
32
What is the value of -24 + 19 - (-24 + -12 + -9)?
40
What is the value of (4 - 4) + -1 + 288 + -289 - 24?
-26
Evaluate 31 - (-18 - (-66 + 79)).
62
What is the value of 3 - (11 - (19 - (30 + 3)))?
-22
Evaluate -67 + 2 + (23 + -22 - 26 - -43).
-47
What is 40 + -21 + -8 + (-18 - -33) + 10?
36
Calculate (56 - (15 - -26)) + (0 - 58).
-43
(765 - 918) + 7 + 0 - -10
-136
94 + (90 - (11 + 200))
-27
Evaluate (-61 - ((-33 - -9) + 13)) + (-8 - -14).
-44
Evaluate -2 - -48 - 3 - (-9 + 14 + (12 - 18)).
44
What is the value of -4 + 42 + (1 - 16) + -2 + -148?
-127
Evaluate -3264 + 3228 + (2 - 3) + 20.
-17
What is the value of 30 + -33 + 68 + -126?
-61
Calculate (-27 + 4 - (-40 + 44)) + 22 - (27 - 0).
-32
What is 18 + (1 + 2 - -2 - 4) + -282 + 277?
14
Calculate -2 + -9 + -1 + (0 + -81 - 3).
-96
Evaluate (1 - 22) + 50 - -47.
76
What is the value of -14 + (-55 - -60) + -30 + -6?
-45
78 + -5 + (4 + (-23 - -13) - -7)
74
What is 1 + 1 + 3339 + -3355?
-14
Calculate (-23 - -18) + -12 + 17 + -12.
-12
Calculate -5 - 46 - ((13 - 0 - (-6 + -6)) + -12).
-64
What is the value of 22 + 1 - (-252 + 51 - -283)?
-59
What is the value of (16 - (7 + -13 + 18)) + 48 - -4?
56
Calculate (-12 + 1 - (95 + -107)) + -9 + 6 + 15.
13
Calculate 49 + (17 + -11 - 50).
5
52 + -4 + 10 + (28 - 58)
28
Evaluate 52 - (-1 - -14 - (46 + -10 + -26)).
49
What is the value of 7 + 12 + (0 + 6 - -4) + -13?
16
What is the value of (1340 - 1368) + (-2 - -4) + (-2 - (2 - 1))?
-29
(-8 - 1 - 0) + 10023 + -10056
-42
What is -32 + (-14 - -10) + (-19 - -36 - 1 - 14)?
-34
Evaluate -8 - (3 - 3) - (14 - (29 + 31)) - -9.
47
Evaluate -117 - (-105 - -29) - (1 - 19).
-23
Evaluate (55 - 5) + -37 + 0 + -56.
-43
Evaluate (-55 - (0 - -2)) + (15 - (9 - (3 - 2))).
-50
What is the value of 8 - 10 - (-10 - (-91 + 11) - -5 - 6)?
-71
What is the value of 7 + (-12 - (7 - 15) - (14 + -24 + 10))?
3
Evaluate -6 + -6 + (61 - 15) - (0 + -3).
37
What is -11 - (62 + (44 - 58))?
-59
What is (3 + -9 - -40) + (-2 - -6) + 8?
46
What is the value of 135 + 64 + -252 + 40?
-13
94 + -101 + 62 - 90
-35
What is 6 + (-88 - (-92 + -77))?
87
Evaluate 21 - (-41 + (95 - 40)).
7
What is the value of (2 + -48 - 16 - -11) + -16 + (10 - 1)?
-58
What is 34 + -44 + (-13 - 45)?
-68
Calculate (-22 - (18 - 17 - 23)) + (-16 - -3).
-13
(-5 - (49 - -3) - (1 - 6)) + (-31 - -30)
-53
What is -17 + (54 - 26) - (1 - -2)?
8
12 - (59 + -43) - ((8 - 80) + (-2 - 1))
71
Calculate 0 - -8 - (-102 - -4 - -106) - (-7 + -1).
8
Evaluate 69 + -1 + 2 - (-333 + 328).
75
What is the value of (-37 - -56) + (-10 - -9) + 117 + -3?
132
Calculate (13 - -181) + -807 + 723.
110
-44 - ((26 - 37) + -2 + -2)
-29
What is -21 + (69 - -2 - (213 - 242))?
79
-1 + 10 + (7 - ((26 - 25) + 2 + 19))
-6
What is the value of -1 + (-99 - 23) + (3 - (-3 + 1 + -3))?
-115
(0 - (-1 + -2)) + (25 + 26 + -88 - -35)
1
What is the value of (-97 + 92 - -81) + -72?
4
Evaluate 2 - (69 + 2) - ((26 - (42 + 32)) + 61).
-82
Evaluate -37 + -17 + 43 + (-1 - 3 - -4) + -50.
-61
-56 - (-77 + 41) - (6 + -5)
-21
-61 - -52 - (31 + 4 - -17)
-61
What is the value of 3 - (-25 + (11 - 6) + -10 + 21)?
12
What is the value of -15 - (48 + -31 - 13)?
-19
-18 - ((-18 - 3) + (42 - 14))
-25
-6 - -10 - 6 - ((14 - 25 - -5) + -71)
75
Calculate 492 + -420 - (32 + -7).
47
What is 27 + (1 - (-13 - -1) - 18)?
22
Calculate -135 - (-11 - (-38 + 73)).
-89
18 + (-42 - -7 - 123) + (16 - (-2 - -3))
-125
-2944 + 2848 - (-1 + 15)
-110
-6 + 21 + (39 - 120)
-66
What is (-305 - -223) + -10 + (14 - 7)?
-85
What is -39 + (-8 - (12 + (-13 - 12) + 11))?
-45
Evaluate -14 + (3 - 0) - (8 + (2 - (14 + -15))).
-22
-7 + 28 + (-1 + -6 - -11) + -14
11
Calculate (-1 - (10 + -10 + 4)) + (-97 - (-19 - -11)).
-94
Evaluate 13 + 1 + -16 + (-4 - 0) + -2 + 128.
120
(-1 - 13 - -25) + -47 + 11 + 1
-24
-42 - ((1 - 9) + -11 + (-19 - (-71 - -19)))
-56
Evaluate -9 + 63 + 67 + -107.
14
What is the value of (4 + 2 - (58 + -51)) + -9 - -10?
0
What is the value of 15 + 3 - (-2 - -77) - 7?
-64
What is the value of -4 + -28 - (-156 - -128)?
-4
Calculate 7 + (8 + 0 - ((38 - 27) + -32)) + -5.
31
What is -5 + -4 + 10 + (-11 - 0) - (-321 - -413)?
-102
2 + 9 + 1 + (819 - 801)
30
What is -2 + -3 + 5 + 11 + (-14864 - -14757)?
-96
What is -92 - -98 - (-2 - 4) - -20?
32
-15 + 54 + (26 + -26 - 30)
9
What is the value of (-6 - -13) + (-6 - -8) - (47 - -20)?
-58
What is -43 - (-49 - -7 - -9)?
-10
What is the value of -22 + 10 + -2 + (-11 - -63) + -9?
29
What is (17 - 8) + (-3 + 6 - 74) + (-208 - -203)?
-67
16 + 18 + -31 + 55 - 18
40
What is -17 + (-20 - -23) - -108 - 22 - (-1 + -8)?
81
Evaluate 89 + (-247 + 250 - (0 + 10) - 0 - -11).
93
What is -37 + 41 - ((-6 + 10 - -3) + (-2 - 18))?
17
Evaluate (3 - (1 + 0)) + -35 + (-95172 - -95152).
-53
What is the value of -3 - (10 - (59 - 49))?
-3
What is (-11 - -5 - -8) + -40 + 10 + -9 + -8?
-45
Evaluate -4 + -26 + -27 + 63 + -16.
-10
164 - (-33 + 13 + 118)
66
Calculate (7 - 96) + (-1 - 49 - -42 - (-1 + 2)).
-98
What is the value of 19 - (65 - (-69 - -52))?
-63
Calculate -22 - ((-11 - (22 - -15)) + 37).
-11
Calculate (-8 + 0 - 7 - (43 - 45)) + -92.
-105
Calculate -73 + 202 + -68 + -29.
32
What is -2 + (19 - (-63 - (-4 - (9 - 12))))?
79
39 - 23 - (15 - 0 - (46 - 49))
-2
What is 1 - -88 - (-16 - -12) - ((-26 - -61) + -35)?
93
Calculate -30 + 0 + (13 - 3) + (7 - 8) + -6.
-27
What is the value of -44 - (-34 + 43 + 28 - 15)?
-66
Evaluate (0 - 7 - (-20 + 4)) + (154 - 107).
56
What is (-26 - 2 - 97) + -2 + 13?
-114
What is -23